Calculate s(2).
50
Let o(q) = q**2 + 108*q + 887. Calculate o(-9).
-4
Let t(u) = 111*u - 6549. Determine t(59).
0
Let a(z) = 491*z - 9241. What is a(19)?
88
Let g(q) = -23*q - 152. Give g(-8).
32
Let p(t) = -443*t**3 - 5*t**2 + t - 1. Calculate p(1).
-448
Let u(m) = m**2 - 47*m - 1197. Give u(67).
143
Let z(d) = -2*d**3 - 30*d**2 + 39*d + 103. Determine z(-16).
-9
Let g(j) = 5*j**3 + 42*j**2 + 20*j - 27. Give g(-7).
176
Let c(n) = -4*n**2 + 54*n - 52. Give c(1).
-2
Let k(g) = -246*g - 473. Give k(-2).
19
Let v(m) = -2*m**3 + 51*m**2 - 55*m + 757. Determine v(25).
7
Let v(k) = -2*k**2 - 10*k + 284. What is v(-14)?
32
Let s(y) = -8*y**2 + 72*y + 6. Calculate s(8).
70
Let x(n) = 2*n**3 + 82*n**2 - 999*n + 16. What is x(10)?
226
Let z(n) = -n + 25. Calculate z(-47).
72
Let m(n) = -46*n**2 + 112*n - 97. What is m(1)?
-31
Let g(j) = -3*j**2 + 8*j + 394. Give g(13).
-9
Let l(s) = -130*s**2 - 25*s - 49. Give l(-2).
-519
Let b(l) = -3*l**3 - 379*l**2 - 1230*l - 3. Calculate b(-123).
-3
Let l(y) = y**2 - 33*y + 166. Calculate l(30).
76
Let s(n) = -25*n - 109. Give s(-4).
-9
Let g(j) = 2*j**2 - 933. Determine g(-22).
35
Let z(w) = -12*w**2 + 277*w - 21. What is z(23)?
2
Let q(k) = -13*k - 730. Give q(-52).
-54
Let b(m) = 122*m - 118. Calculate b(1).
4
Let y(m) = -151*m + 1629. Calculate y(10).
119
Let h(v) = -v**2 - 5*v + 308. Calculate h(16).
-28
Let t(w) = 12*w - 210. Give t(14).
-42
Let c(t) = 4*t**3 - 11*t**2 - 31*t + 81. Give c(3).
-3
Let d(m) = 3*m**3 - 145*m**2 - 96*m - 94. Determine d(49).
4
Let l(h) = -207*h - 2906. Determine l(-14).
-8
Let h(j) = -j**3 - 18*j**2 - 35*j - 39. Calculate h(-16).
9
Let m(p) = 48*p + 91. Determine m(-3).
-53
Let o(r) = -5*r**3 - 122*r**2 + 74*r - 18. Give o(-25).
7
Let l(o) = 107*o - 2074. What is l(20)?
66
Let w(m) = -121*m - 972. Determine w(-8).
-4
Let f(d) = 26*d - 1576. Determine f(60).
-16
Let f(z) = 9*z**3 - 35*z**2 + 7*z + 35. Determine f(5).
320
Let d(n) = n**2 - n - 75. What is d(-7)?
-19
Let u(d) = 69*d + 43. Give u(-1).
-26
Let w(x) = -154*x + 2326. Calculate w(15).
16
Let t(c) = -c**3 - 68*c**2 + 300*c - 45. Determine t(4).
3
Let g(u) = -333*u - 1391. What is g(-5)?
274
Let s(c) = -4*c**2 - 895*c - 895. Give s(-1).
-4
Let h(p) = 706*p - 3537. Calculate h(5).
-7
Let b(n) = -n**3 - 15*n**2 + 9*n + 59. Calculate b(-16).
171
Let f(b) = -b**3 + 7*b**2 - 6*b + 43. What is f(8)?
-69
Let w(b) = -3*b**2 - 2598*b + 15580. Give w(6).
-116
Let u(r) = 2*r**2 + 32*r - 596. Calculate u(-27).
-2
Let k(p) = 1252*p + 18785. What is k(-15)?
5
Let z(g) = -g**3 + 7*g**2 - 8*g + 11. Determine z(6).
-1
Let w(x) = -x**2 - 19*x + 862. What is w(-40)?
22
Let t(n) = n**2 + 9*n - 77. Determine t(6).
13
Let m(v) = -3*v**3 + 20*v**2 + 49*v - 272. Calculate m(7).
22
Let c(p) = 3*p**2 - 548*p + 7072. What is c(14)?
-12
Let c(r) = -488*r**2 + 15*r - 1. Give c(1).
-474
Let f(p) = -8*p**3 - 393*p**2 - 53*p - 203. What is f(-49)?
-7
Let c(h) = -4*h**3 - 11*h**2 - 11*h - 130. What is c(-4)?
-6
Let k(q) = 82*q + 221. Determine k(-4).
-107
Let n(k) = 5*k**3 + 17*k**2 + 38*k + 5. What is n(-2)?
-43
Let d(s) = 193*s + 13710. Give d(-71).
7
Let o(w) = w**3 - 691*w**2 + 2751*w + 6. Calculate o(4).
18
Let b(v) = -1119*v - 148848. What is b(-133)?
-21
Let v(c) = -2*c**2 - 1183*c - 10496. Give v(-9).
-11
Let v(y) = 2*y**2 - 82*y + 250. Calculate v(37).
-46
Let q(z) = 29*z + 904. What is q(-31)?
5
Let u(p) = 2*p**2 + 24*p - 25. Calculate u(-10).
-65
Let g(t) = -t**3 - 6*t**2 + 158*t + 20. Give g(10).
0
Let k(c) = -3*c**2 + 49*c - 26. Give k(15).
34
Let a(y) = 16*y + 355. Determine a(-18).
67
Let v(b) = 2*b**2 - 57*b + 102. Determine v(29).
131
Let d(s) = -2*s**3 - 28*s**2 - 53*s - 42. What is d(-12)?
18
Let y(r) = 37*r**2 - 446*r + 22. Determine y(12).
-2
Let o(n) = 266*n**2 - 9576*n - 8. What is o(36)?
-8
Let r(o) = -46*o - 28. Give r(-1).
18
Let x(u) = -u**3 + 20*u**2 - 77*u + 14. Calculate x(4).
-38
Let f(s) = 125*s + 2190. Give f(-19).
-185
Let l(j) = 82*j - 4157. Calculate l(50).
-57
Let d(l) = 62*l + 449. Calculate d(-8).
-47
Let q(h) = -16*h + 286. Determine q(18).
-2
Let h(n) = n**3 + 24*n**2 + 108*n + 8. Give h(-18).
8
Let p(y) = -397*y - 7. Determine p(0).
-7
Let t(l) = 175*l + 522. Give t(-3).
-3
Let h(g) = -21*g + 317. Calculate h(14).
23
Let q(r) = 63*r - 329. Give q(6).
49
Let r(x) = -x**3 - 40*x**2 + 70*x + 1180. What is r(-41)?
-9
Let l(n) = -12*n - 1250. Calculate l(-104).
-2
Let b(o) = 45*o**2 + 805*o - 91. What is b(-18)?
-1
Let m(o) = -3*o**2 - 57*o + 211. Calculate m(-22).
13
Let n(s) = -2*s**2 + 100*s - 524. What is n(44)?
4
Let y(t) = -6*t**3 - 24*t**2 + 5*t + 9. Determine y(-4).
-11
Let t(p) = -164*p + 484. Calculate t(3).
-8
Let l(z) = -813*z + 1622. Give l(2).
-4
Let u(a) = -a**3 + 8*a**2 - 5*a - 9. Calculate u(2).
5
Let o(y) = 78*y**2 + 60*y + 56. What is o(-1)?
74
Let j(s) = s**3 + 242*s**2 + 7*s + 1699. Determine j(-242).
5
Let i(x) = -2*x**3 + 3*x**2 + 7*x + 5. Give i(3).
-1
Let v(z) = z**3 + 4*z**2 + 4*z - 6. What is v(-8)?
-294
Let h(i) = -50*i**2 - 29*i - 63. Calculate h(-2).
-205
Let f(p) = 30*p + 678. Give f(-23).
-12
Let u(p) = -p**2 - 62*p - 13. Give u(0).
-13
Let q(h) = -7*h**2 + 66*h - 113. Calculate q(8).
-33
Let r(o) = 2*o**2 - 84*o. Calculate r(13).
-754
Let t(f) = -2*f**2 + 20*f - 40. Determine t(4).
8
Let b(c) = c**2 + 46*c - 8020. Give b(69).
-85
Let j(b) = -2*b**3 - 62*b**2 + 74*b + 316. Determine j(-32).
-4
Let w(b) = 5*b**3 + b**2 - 30*b - 55. Determine w(-2).
-31
Let c(z) = 3*z**2 + 2743*z + 13633. Give c(-5).
-7
Let i(k) = -55*k - 530. Calculate i(-9).
-35
Let d(q) = 3*q**2 + 56*q + 108. What is d(-2)?
8
Let n(j) = 12*j**2 + 995*j - 98. What is n(-83)?
-15
Let c(q) = q**3 - 2*q**2 - 5*q + 16. Calculate c(0).
16
Let l(i) = 128*i - 72. Give l(5).
568
Let u(m) = 2*m**2 - 5244*m + 36617. Give u(7).
7
Let a(k) = 17*k**2 - 46*k + 246. Calculate a(5).
441
Let n(d) = -d**3 - 316*d**2 + 312*d - 1578. What is n(-317)?
7
Let l(p) = p**2 - 6*p + 19. Determine l(21).
334
Let o(t) = 10*t**2 + 566*t - 66. Determine o(-57).
162
Let q(d) = -3*d**3 - 99*d**2 - 12*d - 397. What is q(-33)?
-1
Let i(w) = w**3 + 29*w**2 - 14*w - 77. What is i(-29)?
329
Let d(m) = -m**2 + 13*m + 13. What is d(14)?
-1
Let i(h) = h**3 + 7*h**2 + 5. Calculate i(-7).
5
Let d(z) = 8*z**3 + 354*z**2 + 88*z - 47. What is d(-44)?
-47
Let b(z) = -3*z**2 + 67*z + 279. Determine b(-4).
-37
Let z(p) = -70*p - 22. Calculate z(-3).
188
Let j(h) = 2*h**2 + 67*h - 345. Determine j(-38).
-3
Let a(n) = -8*n**2 + 32*n - 65. Determine a(7).
-233
Let z(c) = 2*c**3 + 15*c**2 - 100*c - 734. Give z(-7).
15
Let p(n) = 8*n + 373. What is p(-42)?
37
Let q(p) = p**2 - 37*p - 258. Determine q(43).
0
Let u(p) = -5*p**2 + 81*p - 47. Give u(15).
43
Let c(v) = 43*v - 1847. Calculate c(43).
2
Let b(r) = r**2 - 132*r - 110. Calculate b(0).
-110
Let c(k) = -1963*k + 3918. Give c(2).
-8
Let i(y) = 1117*y - 140743. Calculate i(126).
-1
Let u(g) = -3*g**2 + 85*g + 396. What is u(-5)?
-104
Let g(x) = -2*x**3 + 55*x**2 - 26*x - 7. Calculate g(27).
20
Let v(t) = t**2 - 24*t - 64. What is v(17)?
-183
Let r(i) = i**3 - i**2 - 57*i + 5. What is r(-7)?
12
Let q(k) = k**2 - 9*k - 21. Calculate q(18).
141
Let s(f) = -29*f - 792. Calculate s(-27).
-9
Let m(k) = -24*k + 279. Determine m(10).
39
Let h(u) = 5*u**3 - 2*u**2 + 4*u - 3. What is h(2)?
37
Let x(n) = n**3 - 2*n**2 - 26*n + 80. What is x(3)?
11
Let q(w) = -w**3 - 18*w**2 - 16*w + 23. Determine q(-17).
6
Let c(i) = 7*i**2 + 8*i + 47. What is c(-4)?
127
Let z(l) = 2*l**3 + 8*l**2 - 30*l - 27. Give z(-6).
9
Let v(g) = 3*g**2 - g + 48. Determine v(0).
48
Let d(t) = 65*t + 3316. Calculate d(-51).
1
Let r(p) = -4*p**3 + 2*p**2 - p + 2. What is r(2)?
-24
Let u(m) = -m**2 + 16*m + 213. Calculate u(-9).
-12
Let s(a) = 3*a**2 + 28*a - 90. Calculate s(3).
21
Let x(a) = -844*a**3 - 3*a**2 - a + 1. Give x(1).
-847
Let x(h) = 2*h**3 + 37*h**2 - 15*h + 82. Calculate x(-19).
6
Let u(z) = -4*z**2 - 37*z + 13. Calculate u(-11).
-64
Let g(a) = 5*a**2 + 441*a - 441. What is g(1)?
5
Let c(r) = -618*r - 12985. Determine c(-21).
-7
Let z(r) = -r**3 - 8*r**2 + 24*r + 219. Calculate z(-6).
3
Let y(t) = t**3 + 46*t**2 + 43*t - 60. Calculate y(-45).
30
Let v(i) = -4*i**3 - 32*i**2 + 2*i. Give v(-8).
-16
Let t(n) = 30*n**3 - 3*n**2 - 2. Give t(2).
226
L